{"id":14074,"date":"2024-07-03T09:51:29","date_gmt":"2024-07-03T09:51:29","guid":{"rendered":"https:\/\/canapando.net\/shop\/?post_type=product&#038;p=14074"},"modified":"2025-11-21T10:29:23","modified_gmt":"2025-11-21T09:29:23","slug":"arizer-xq2","status":"publish","type":"product","link":"https:\/\/canapando.net\/shop\/prodotto\/arizer-xq2\/","title":{"rendered":"Arizer XQ2"},"content":{"rendered":"<div class=\"right-content-wrapper\">\n<p>XQ2 \u00e8 un vaporizzatore eccezionale per coloro che vogliono un equilibrio tra svapate con tiri diretti e svapate con palloncino. Le nuove camere di riscaldamento hanno retine in vetro borosilicato che mantengono il vapore puro, oltre a un sistema per palloncini migliorato con tappo in silicone in modo da poter riempire dei palloncini con vapore facilmente.<\/p>\n<\/div>\n<h3>Nuove funzioni migliorate<\/h3>\n<div class=\"right-content-wrapper\">\n<p>XQ2 ha subito vari miglioramenti, tuttavia la novit\u00e0 pi\u00f9 importante riguarda i due contenitori per erbe: uno grande per vapore pesante e denso e uno pi\u00f9 piccolo per microdosi e maggiore controllo. Un&#8217;altra novit\u00e0 riguarda le luci a LED che non solo hanno un effetto fantastico al buio, ma indicano anche riscaldamento e raggiungimento della temperatura impostata!<\/p>\n<p>Puoi scegliere tra tre modalit\u00e0 per le luci a LED. Standard, in cui selezioni otto colori che restano accesi. Spectrum, in cui i colori cambiano ogni due secondi. Infine, la pi\u00f9 utile \u00e8 Dynamic. La modalit\u00e0 Dynamic cambia i LED a seconda di quanto segue:<\/p>\n<ul>\n<li>Pulsazioni da giallo ad arancione\u00a0&#8211; riscaldamento<\/li>\n<li>Lampeggiamento in\u00a0verde due volte &#8211; raggiungimento temperatura impostata<\/li>\n<li>Pulsazioni in arancione &#8211; temperatura stabile<\/li>\n<li>Pulsazioni in viola\u00a0&#8211; ventola abilitata<\/li>\n<li>Pulsazioni in celeste\u00a0&#8211; raffreddamento<\/li>\n<li>Pulsazioni in blu\u00a0&#8211; raffreddamento con ventola<\/li>\n<\/ul>\n<\/div>\n<h3>Telecomando<\/h3>\n<div class=\"right-content-wrapper\">\n<p>Controlla il tuo vaporizzatore da lontano con il telecomando programmabile e\u00a0facile da usare di\u00a0XQ2.\u00a0Questo accessorio pratico e affidabile include tutto ci\u00f2 che serve per iniziare o terminare una sessione senza mai dover toccare il vaporizzatore!<\/p>\n<p>Grazie al telecomando, puoi\u00a0spegnere\/accendere il vaporizzatore, impostare la temperatura\u00a0e controllare la ventola. Include anche tre impostazioni di temperatura programmabili in modo da poter selezionare la temperatura pi\u00f9 rapidamente. Nel caso in cui non riesca a trovare il telecomando puoi sempre controllare il vaporizzatore tramite i pulsanti sull&#8217;unit\u00e0.<\/p>\n<\/div>\n<h3>Tempo di riscaldamento ridotto<\/h3>\n<div class=\"right-content-wrapper\">\n<p>XQ2 \u00e8 diverso dal modello precedente per il tempo di riscaldamento ridotto. Grazie all&#8217;elemento riscaldante migliorato che utilizza l&#8217;energia in modo pi\u00f9 efficiente, riesce a raggiungere la temperatura desiderata entro 4-6 minuti dall&#8217;accensione, a seconda della temperatura impostata. Coloro che preferiscono svapare con un palloncino possono riempire l&#8217;accessorio completamente con vapore in 2-4 minuti a seconda della velocit\u00e0 della ventola selezionata.<\/p>\n<\/div>\n<h3>Vapore gustoso<\/h3>\n<div class=\"right-content-wrapper\">\n<p>Nel caso in cui voglia un vapore potente e gustoso, il vaporizzatore\u00a0Arizer XQ2 \u00e8 un&#8217;opzione ideale dato che \u00e8 dotato di elementi riscaldanti in ceramica con flusso dell&#8217;aria aperto in modo da poter vaporizzare completamente le erbe senza combustione! La struttura in vetro assicura purezza per tutti coloro che vogliono un vapore puro e gustoso.<\/p>\n<\/div>\n<h3>Ottimo rapporto qualit\u00e0 prezzo<\/h3>\n<div class=\"right-content-wrapper\">\n<p>XQ2 \u00e8 un vaporizzatore con un rapporto qualit\u00e0 prezzo altamente competitivo. Include la maggior parte delle funzioni di\u00a0<a href=\"https:\/\/magicvaporizers.it\/volcano-hybrid\"><strong>Volcano Hybrid<\/strong><\/a>,\u00a0ma ad un prezzo pi\u00f9 conveniente! Grazie ai comandi semplici e all&#8217;ampia selezione di accessori, \u00e8 certo che\u00a0XQ2 manterr\u00e0 una posizione di spicco sul mercato dei vaporizzatori da tavolo negli anni.<\/p>\n<\/div>\n","protected":false},"excerpt":{"rendered":"<p>Sono passati 10 anni da quando Arizer ha rivoluzionato il mercato dei vape da tavolo con il lancio di Arizer Extreme Q. Ora \u00e8 arrivato il momento del successore: Arizer XQ2.<\/p>\n<p>Dopo aver ascoltato le opinioni dei clienti, Arizer ha migliorato significativamente il dispositivo rispetto al modello precedente. Le novit\u00e0 di Arizer XQ2 sono luci a LED colorate che permettono di sapere lo stato corrente, contenitore in vetro per erbe migliorato e flusso dell&#8217;aria riprogettato, al fine di garantire un\u00a0vapore pi\u00f9 puro e gustoso.<\/p>\n","protected":false},"featured_media":14190,"comment_status":"open","ping_status":"closed","template":"","meta":{"_acf_changed":false,"_joinchat":[]},"product_brand":[],"product_cat":[73],"product_tag":[],"class_list":{"0":"post-14074","1":"product","2":"type-product","3":"status-publish","4":"has-post-thumbnail","6":"product_cat-vaporizzatori-e-accessori","8":"first","9":"instock","10":"taxable","11":"shipping-taxable","12":"purchasable","13":"product-type-simple"},"acf":{"tipologia":"","campo_libero":""},"yoast_head":"<!-- This site is optimized with the Yoast SEO plugin v27.4 - https:\/\/yoast.com\/product\/yoast-seo-wordpress\/ -->\n<title>Arizer XQ2 - Canapando Shop<\/title>\n<meta name=\"robots\" content=\"index, follow, max-snippet:-1, max-image-preview:large, max-video-preview:-1\" \/>\n<link rel=\"canonical\" href=\"https:\/\/canapando.net\/shop\/prodotto\/arizer-xq2\/\" \/>\n<meta name=\"twitter:label1\" content=\"Tempo di lettura stimato\" \/>\n\t<meta name=\"twitter:data1\" content=\"1 minuto\" \/>\n<script type=\"application\/ld+json\" class=\"yoast-schema-graph\">{\"@context\":\"https:\\\/\\\/schema.org\",\"@graph\":[{\"@type\":\"WebPage\",\"@id\":\"https:\\\/\\\/canapando.net\\\/shop\\\/prodotto\\\/arizer-xq2\\\/\",\"url\":\"https:\\\/\\\/canapando.net\\\/shop\\\/prodotto\\\/arizer-xq2\\\/\",\"name\":\"Arizer XQ2 - Canapando Shop\",\"isPartOf\":{\"@id\":\"https:\\\/\\\/canapando.net\\\/shop\\\/#website\"},\"primaryImageOfPage\":{\"@id\":\"https:\\\/\\\/canapando.net\\\/shop\\\/prodotto\\\/arizer-xq2\\\/#primaryimage\"},\"image\":{\"@id\":\"https:\\\/\\\/canapando.net\\\/shop\\\/prodotto\\\/arizer-xq2\\\/#primaryimage\"},\"thumbnailUrl\":\"https:\\\/\\\/canapando.net\\\/shop\\\/wp-content\\\/uploads\\\/2024\\\/07\\\/13.jpg\",\"datePublished\":\"2024-07-03T09:51:29+00:00\",\"dateModified\":\"2025-11-21T09:29:23+00:00\",\"breadcrumb\":{\"@id\":\"https:\\\/\\\/canapando.net\\\/shop\\\/prodotto\\\/arizer-xq2\\\/#breadcrumb\"},\"inLanguage\":\"it-IT\",\"potentialAction\":[{\"@type\":\"ReadAction\",\"target\":[\"https:\\\/\\\/canapando.net\\\/shop\\\/prodotto\\\/arizer-xq2\\\/\"]}]},{\"@type\":\"ImageObject\",\"inLanguage\":\"it-IT\",\"@id\":\"https:\\\/\\\/canapando.net\\\/shop\\\/prodotto\\\/arizer-xq2\\\/#primaryimage\",\"url\":\"https:\\\/\\\/canapando.net\\\/shop\\\/wp-content\\\/uploads\\\/2024\\\/07\\\/13.jpg\",\"contentUrl\":\"https:\\\/\\\/canapando.net\\\/shop\\\/wp-content\\\/uploads\\\/2024\\\/07\\\/13.jpg\",\"width\":600,\"height\":600},{\"@type\":\"BreadcrumbList\",\"@id\":\"https:\\\/\\\/canapando.net\\\/shop\\\/prodotto\\\/arizer-xq2\\\/#breadcrumb\",\"itemListElement\":[{\"@type\":\"ListItem\",\"position\":1,\"name\":\"Home\",\"item\":\"https:\\\/\\\/canapando.net\\\/shop\\\/\"},{\"@type\":\"ListItem\",\"position\":2,\"name\":\"Shop\",\"item\":\"https:\\\/\\\/canapando.net\\\/shop\\\/negozio\\\/\"},{\"@type\":\"ListItem\",\"position\":3,\"name\":\"Arizer XQ2\"}]},{\"@type\":\"WebSite\",\"@id\":\"https:\\\/\\\/canapando.net\\\/shop\\\/#website\",\"url\":\"https:\\\/\\\/canapando.net\\\/shop\\\/\",\"name\":\"Canapando Shop\",\"description\":\"Hemp shop Roma\",\"publisher\":{\"@id\":\"https:\\\/\\\/canapando.net\\\/shop\\\/#organization\"},\"potentialAction\":[{\"@type\":\"SearchAction\",\"target\":{\"@type\":\"EntryPoint\",\"urlTemplate\":\"https:\\\/\\\/canapando.net\\\/shop\\\/?s={search_term_string}\"},\"query-input\":{\"@type\":\"PropertyValueSpecification\",\"valueRequired\":true,\"valueName\":\"search_term_string\"}}],\"inLanguage\":\"it-IT\"},{\"@type\":\"Organization\",\"@id\":\"https:\\\/\\\/canapando.net\\\/shop\\\/#organization\",\"name\":\"Canapando\u00ae\",\"url\":\"https:\\\/\\\/canapando.net\\\/shop\\\/\",\"logo\":{\"@type\":\"ImageObject\",\"inLanguage\":\"it-IT\",\"@id\":\"https:\\\/\\\/canapando.net\\\/shop\\\/#\\\/schema\\\/logo\\\/image\\\/\",\"url\":\"https:\\\/\\\/canapando.net\\\/shop\\\/wp-content\\\/uploads\\\/2021\\\/01\\\/logocanapando.png\",\"contentUrl\":\"https:\\\/\\\/canapando.net\\\/shop\\\/wp-content\\\/uploads\\\/2021\\\/01\\\/logocanapando.png\",\"width\":197,\"height\":110,\"caption\":\"Canapando\u00ae\"},\"image\":{\"@id\":\"https:\\\/\\\/canapando.net\\\/shop\\\/#\\\/schema\\\/logo\\\/image\\\/\"},\"sameAs\":[\"https:\\\/\\\/it-it.facebook.com\\\/canapando.offical\\\/\"]}]}<\/script>\n<!-- \/ Yoast SEO plugin. -->","yoast_head_json":{"title":"Arizer XQ2 - Canapando Shop","robots":{"index":"index","follow":"follow","max-snippet":"max-snippet:-1","max-image-preview":"max-image-preview:large","max-video-preview":"max-video-preview:-1"},"canonical":"https:\/\/canapando.net\/shop\/prodotto\/arizer-xq2\/","twitter_misc":{"Tempo di lettura stimato":"1 minuto"},"schema":{"@context":"https:\/\/schema.org","@graph":[{"@type":"WebPage","@id":"https:\/\/canapando.net\/shop\/prodotto\/arizer-xq2\/","url":"https:\/\/canapando.net\/shop\/prodotto\/arizer-xq2\/","name":"Arizer XQ2 - Canapando Shop","isPartOf":{"@id":"https:\/\/canapando.net\/shop\/#website"},"primaryImageOfPage":{"@id":"https:\/\/canapando.net\/shop\/prodotto\/arizer-xq2\/#primaryimage"},"image":{"@id":"https:\/\/canapando.net\/shop\/prodotto\/arizer-xq2\/#primaryimage"},"thumbnailUrl":"https:\/\/canapando.net\/shop\/wp-content\/uploads\/2024\/07\/13.jpg","datePublished":"2024-07-03T09:51:29+00:00","dateModified":"2025-11-21T09:29:23+00:00","breadcrumb":{"@id":"https:\/\/canapando.net\/shop\/prodotto\/arizer-xq2\/#breadcrumb"},"inLanguage":"it-IT","potentialAction":[{"@type":"ReadAction","target":["https:\/\/canapando.net\/shop\/prodotto\/arizer-xq2\/"]}]},{"@type":"ImageObject","inLanguage":"it-IT","@id":"https:\/\/canapando.net\/shop\/prodotto\/arizer-xq2\/#primaryimage","url":"https:\/\/canapando.net\/shop\/wp-content\/uploads\/2024\/07\/13.jpg","contentUrl":"https:\/\/canapando.net\/shop\/wp-content\/uploads\/2024\/07\/13.jpg","width":600,"height":600},{"@type":"BreadcrumbList","@id":"https:\/\/canapando.net\/shop\/prodotto\/arizer-xq2\/#breadcrumb","itemListElement":[{"@type":"ListItem","position":1,"name":"Home","item":"https:\/\/canapando.net\/shop\/"},{"@type":"ListItem","position":2,"name":"Shop","item":"https:\/\/canapando.net\/shop\/negozio\/"},{"@type":"ListItem","position":3,"name":"Arizer XQ2"}]},{"@type":"WebSite","@id":"https:\/\/canapando.net\/shop\/#website","url":"https:\/\/canapando.net\/shop\/","name":"Canapando Shop","description":"Hemp shop Roma","publisher":{"@id":"https:\/\/canapando.net\/shop\/#organization"},"potentialAction":[{"@type":"SearchAction","target":{"@type":"EntryPoint","urlTemplate":"https:\/\/canapando.net\/shop\/?s={search_term_string}"},"query-input":{"@type":"PropertyValueSpecification","valueRequired":true,"valueName":"search_term_string"}}],"inLanguage":"it-IT"},{"@type":"Organization","@id":"https:\/\/canapando.net\/shop\/#organization","name":"Canapando\u00ae","url":"https:\/\/canapando.net\/shop\/","logo":{"@type":"ImageObject","inLanguage":"it-IT","@id":"https:\/\/canapando.net\/shop\/#\/schema\/logo\/image\/","url":"https:\/\/canapando.net\/shop\/wp-content\/uploads\/2021\/01\/logocanapando.png","contentUrl":"https:\/\/canapando.net\/shop\/wp-content\/uploads\/2021\/01\/logocanapando.png","width":197,"height":110,"caption":"Canapando\u00ae"},"image":{"@id":"https:\/\/canapando.net\/shop\/#\/schema\/logo\/image\/"},"sameAs":["https:\/\/it-it.facebook.com\/canapando.offical\/"]}]}},"_links":{"self":[{"href":"https:\/\/canapando.net\/shop\/wp-json\/wp\/v2\/product\/14074","targetHints":{"allow":["GET"]}}],"collection":[{"href":"https:\/\/canapando.net\/shop\/wp-json\/wp\/v2\/product"}],"about":[{"href":"https:\/\/canapando.net\/shop\/wp-json\/wp\/v2\/types\/product"}],"replies":[{"embeddable":true,"href":"https:\/\/canapando.net\/shop\/wp-json\/wp\/v2\/comments?post=14074"}],"wp:featuredmedia":[{"embeddable":true,"href":"https:\/\/canapando.net\/shop\/wp-json\/wp\/v2\/media\/14190"}],"wp:attachment":[{"href":"https:\/\/canapando.net\/shop\/wp-json\/wp\/v2\/media?parent=14074"}],"wp:term":[{"taxonomy":"product_brand","embeddable":true,"href":"https:\/\/canapando.net\/shop\/wp-json\/wp\/v2\/product_brand?post=14074"},{"taxonomy":"product_cat","embeddable":true,"href":"https:\/\/canapando.net\/shop\/wp-json\/wp\/v2\/product_cat?post=14074"},{"taxonomy":"product_tag","embeddable":true,"href":"https:\/\/canapando.net\/shop\/wp-json\/wp\/v2\/product_tag?post=14074"}],"curies":[{"name":"wp","href":"https:\/\/api.w.org\/{rel}","templated":true}]}}