{"id":16903,"date":"2025-10-20T10:24:22","date_gmt":"2025-10-20T08:24:22","guid":{"rendered":"https:\/\/canapando.net\/shop\/?post_type=product&#038;p=16903"},"modified":"2025-12-05T15:00:37","modified_gmt":"2025-12-05T14:00:37","slug":"pipa-screen-queen","status":"publish","type":"product","link":"https:\/\/canapando.net\/shop\/prodotto\/pipa-screen-queen\/","title":{"rendered":"PIPA SCREEN QUEEN"},"content":{"rendered":"","protected":false},"excerpt":{"rendered":"<p>Il set SCREEN QUEEN di NEAR DARK contiene una pipa SCREEN QUEEN in alluminio, un adattatore per filtro avvitabile abbinato (il Royal Filter) in cui vengono inseriti i filtri al carbone attivo e 10 filtri al carbone attivo (\u00d8 8\/9 mm) di GIZEH\u00ae. L&#8217;adattatore per filtro pu\u00f2 essere avvitato tra il fornello e il bocchino della pipa e filtra le sostanze inquinanti indesiderate dal fumo. Il metallo della pipa ha un effetto rinfrescante sul fumo e il filtraggio aggiuntivo con carbone attivo conferisce un sapore particolarmente delicato e aromatico.<\/p>\n<p>\u2714\ufe0f Nessun filtro necessario, ma nessun intasamento<\/p>\n<p>\u2714\ufe0f Adattatore per filtro al carbone attivo e 10 filtri attivi<\/p>\n<p>\u2714\ufe0f Facile da pulire poich\u00e9 la pipa pu\u00f2 essere svitata<\/p>\n<p>La particolarit\u00e0: la SCREEN QUEEN non necessita di filtro, ma non si intasa. Questo perch\u00e9 il tiraggio pu\u00f2 essere regolato continuamente tramite una vite nella parte inferiore della pipa, anche durante l&#8217;aspirazione. Il pistone di tenuta, la cui densit\u00e0 di passaggio \u00e8 regolata dalla suddetta vite, assume cos\u00ec la funzione di filtro.<\/p>\n<p>Svitare il bocchino, svitare l&#8217;adattatore se necessario, poi il braciere: la SCREEN QUEEN \u00e8 gi\u00e0 smontata e pu\u00f2 essere pulita rapidamente e facilmente. La Queen \u00e8 particolarmente adatta come pipa pura!<\/p>\n","protected":false},"featured_media":16904,"comment_status":"closed","ping_status":"closed","template":"","meta":{"_acf_changed":false,"_joinchat":[]},"product_brand":[],"product_cat":[173],"product_tag":[],"class_list":{"0":"post-16903","1":"product","2":"type-product","3":"status-publish","4":"has-post-thumbnail","6":"product_cat-pipe","8":"first","9":"instock","10":"taxable","11":"shipping-taxable","12":"purchasable","13":"product-type-simple"},"acf":{"tipologia":"","campo_libero":""},"yoast_head":"<!-- This site is optimized with the Yoast SEO plugin v27.5 - https:\/\/yoast.com\/product\/yoast-seo-wordpress\/ -->\n<title>PIPA SCREEN QUEEN - Canapando Shop<\/title>\n<meta name=\"robots\" content=\"index, follow, max-snippet:-1, max-image-preview:large, max-video-preview:-1\" \/>\n<link rel=\"canonical\" href=\"https:\/\/canapando.net\/shop\/prodotto\/pipa-screen-queen\/\" \/>\n<script type=\"application\/ld+json\" class=\"yoast-schema-graph\">{\"@context\":\"https:\\\/\\\/schema.org\",\"@graph\":[{\"@type\":\"WebPage\",\"@id\":\"https:\\\/\\\/canapando.net\\\/shop\\\/prodotto\\\/pipa-screen-queen\\\/\",\"url\":\"https:\\\/\\\/canapando.net\\\/shop\\\/prodotto\\\/pipa-screen-queen\\\/\",\"name\":\"PIPA SCREEN QUEEN - Canapando Shop\",\"isPartOf\":{\"@id\":\"https:\\\/\\\/canapando.net\\\/shop\\\/#website\"},\"primaryImageOfPage\":{\"@id\":\"https:\\\/\\\/canapando.net\\\/shop\\\/prodotto\\\/pipa-screen-queen\\\/#primaryimage\"},\"image\":{\"@id\":\"https:\\\/\\\/canapando.net\\\/shop\\\/prodotto\\\/pipa-screen-queen\\\/#primaryimage\"},\"thumbnailUrl\":\"https:\\\/\\\/canapando.net\\\/shop\\\/wp-content\\\/uploads\\\/2025\\\/10\\\/m-16_02_075jLTYqQMDKLop_600x600-e1771241097553.jpg\",\"datePublished\":\"2025-10-20T08:24:22+00:00\",\"dateModified\":\"2025-12-05T14:00:37+00:00\",\"breadcrumb\":{\"@id\":\"https:\\\/\\\/canapando.net\\\/shop\\\/prodotto\\\/pipa-screen-queen\\\/#breadcrumb\"},\"inLanguage\":\"it-IT\",\"potentialAction\":[{\"@type\":\"ReadAction\",\"target\":[\"https:\\\/\\\/canapando.net\\\/shop\\\/prodotto\\\/pipa-screen-queen\\\/\"]}]},{\"@type\":\"ImageObject\",\"inLanguage\":\"it-IT\",\"@id\":\"https:\\\/\\\/canapando.net\\\/shop\\\/prodotto\\\/pipa-screen-queen\\\/#primaryimage\",\"url\":\"https:\\\/\\\/canapando.net\\\/shop\\\/wp-content\\\/uploads\\\/2025\\\/10\\\/m-16_02_075jLTYqQMDKLop_600x600-e1771241097553.jpg\",\"contentUrl\":\"https:\\\/\\\/canapando.net\\\/shop\\\/wp-content\\\/uploads\\\/2025\\\/10\\\/m-16_02_075jLTYqQMDKLop_600x600-e1771241097553.jpg\",\"width\":417,\"height\":417},{\"@type\":\"BreadcrumbList\",\"@id\":\"https:\\\/\\\/canapando.net\\\/shop\\\/prodotto\\\/pipa-screen-queen\\\/#breadcrumb\",\"itemListElement\":[{\"@type\":\"ListItem\",\"position\":1,\"name\":\"Home\",\"item\":\"https:\\\/\\\/canapando.net\\\/shop\\\/\"},{\"@type\":\"ListItem\",\"position\":2,\"name\":\"Shop\",\"item\":\"https:\\\/\\\/canapando.net\\\/shop\\\/negozio\\\/\"},{\"@type\":\"ListItem\",\"position\":3,\"name\":\"PIPA SCREEN QUEEN\"}]},{\"@type\":\"WebSite\",\"@id\":\"https:\\\/\\\/canapando.net\\\/shop\\\/#website\",\"url\":\"https:\\\/\\\/canapando.net\\\/shop\\\/\",\"name\":\"Canapando Shop\",\"description\":\"Hemp shop Roma\",\"publisher\":{\"@id\":\"https:\\\/\\\/canapando.net\\\/shop\\\/#organization\"},\"potentialAction\":[{\"@type\":\"SearchAction\",\"target\":{\"@type\":\"EntryPoint\",\"urlTemplate\":\"https:\\\/\\\/canapando.net\\\/shop\\\/?s={search_term_string}\"},\"query-input\":{\"@type\":\"PropertyValueSpecification\",\"valueRequired\":true,\"valueName\":\"search_term_string\"}}],\"inLanguage\":\"it-IT\"},{\"@type\":\"Organization\",\"@id\":\"https:\\\/\\\/canapando.net\\\/shop\\\/#organization\",\"name\":\"Canapando\u00ae\",\"url\":\"https:\\\/\\\/canapando.net\\\/shop\\\/\",\"logo\":{\"@type\":\"ImageObject\",\"inLanguage\":\"it-IT\",\"@id\":\"https:\\\/\\\/canapando.net\\\/shop\\\/#\\\/schema\\\/logo\\\/image\\\/\",\"url\":\"https:\\\/\\\/canapando.net\\\/shop\\\/wp-content\\\/uploads\\\/2021\\\/01\\\/logocanapando.png\",\"contentUrl\":\"https:\\\/\\\/canapando.net\\\/shop\\\/wp-content\\\/uploads\\\/2021\\\/01\\\/logocanapando.png\",\"width\":197,\"height\":110,\"caption\":\"Canapando\u00ae\"},\"image\":{\"@id\":\"https:\\\/\\\/canapando.net\\\/shop\\\/#\\\/schema\\\/logo\\\/image\\\/\"},\"sameAs\":[\"https:\\\/\\\/it-it.facebook.com\\\/canapando.offical\\\/\"]}]}<\/script>\n<!-- \/ Yoast SEO plugin. -->","yoast_head_json":{"title":"PIPA SCREEN QUEEN - Canapando Shop","robots":{"index":"index","follow":"follow","max-snippet":"max-snippet:-1","max-image-preview":"max-image-preview:large","max-video-preview":"max-video-preview:-1"},"canonical":"https:\/\/canapando.net\/shop\/prodotto\/pipa-screen-queen\/","schema":{"@context":"https:\/\/schema.org","@graph":[{"@type":"WebPage","@id":"https:\/\/canapando.net\/shop\/prodotto\/pipa-screen-queen\/","url":"https:\/\/canapando.net\/shop\/prodotto\/pipa-screen-queen\/","name":"PIPA SCREEN QUEEN - Canapando Shop","isPartOf":{"@id":"https:\/\/canapando.net\/shop\/#website"},"primaryImageOfPage":{"@id":"https:\/\/canapando.net\/shop\/prodotto\/pipa-screen-queen\/#primaryimage"},"image":{"@id":"https:\/\/canapando.net\/shop\/prodotto\/pipa-screen-queen\/#primaryimage"},"thumbnailUrl":"https:\/\/canapando.net\/shop\/wp-content\/uploads\/2025\/10\/m-16_02_075jLTYqQMDKLop_600x600-e1771241097553.jpg","datePublished":"2025-10-20T08:24:22+00:00","dateModified":"2025-12-05T14:00:37+00:00","breadcrumb":{"@id":"https:\/\/canapando.net\/shop\/prodotto\/pipa-screen-queen\/#breadcrumb"},"inLanguage":"it-IT","potentialAction":[{"@type":"ReadAction","target":["https:\/\/canapando.net\/shop\/prodotto\/pipa-screen-queen\/"]}]},{"@type":"ImageObject","inLanguage":"it-IT","@id":"https:\/\/canapando.net\/shop\/prodotto\/pipa-screen-queen\/#primaryimage","url":"https:\/\/canapando.net\/shop\/wp-content\/uploads\/2025\/10\/m-16_02_075jLTYqQMDKLop_600x600-e1771241097553.jpg","contentUrl":"https:\/\/canapando.net\/shop\/wp-content\/uploads\/2025\/10\/m-16_02_075jLTYqQMDKLop_600x600-e1771241097553.jpg","width":417,"height":417},{"@type":"BreadcrumbList","@id":"https:\/\/canapando.net\/shop\/prodotto\/pipa-screen-queen\/#breadcrumb","itemListElement":[{"@type":"ListItem","position":1,"name":"Home","item":"https:\/\/canapando.net\/shop\/"},{"@type":"ListItem","position":2,"name":"Shop","item":"https:\/\/canapando.net\/shop\/negozio\/"},{"@type":"ListItem","position":3,"name":"PIPA SCREEN QUEEN"}]},{"@type":"WebSite","@id":"https:\/\/canapando.net\/shop\/#website","url":"https:\/\/canapando.net\/shop\/","name":"Canapando Shop","description":"Hemp shop Roma","publisher":{"@id":"https:\/\/canapando.net\/shop\/#organization"},"potentialAction":[{"@type":"SearchAction","target":{"@type":"EntryPoint","urlTemplate":"https:\/\/canapando.net\/shop\/?s={search_term_string}"},"query-input":{"@type":"PropertyValueSpecification","valueRequired":true,"valueName":"search_term_string"}}],"inLanguage":"it-IT"},{"@type":"Organization","@id":"https:\/\/canapando.net\/shop\/#organization","name":"Canapando\u00ae","url":"https:\/\/canapando.net\/shop\/","logo":{"@type":"ImageObject","inLanguage":"it-IT","@id":"https:\/\/canapando.net\/shop\/#\/schema\/logo\/image\/","url":"https:\/\/canapando.net\/shop\/wp-content\/uploads\/2021\/01\/logocanapando.png","contentUrl":"https:\/\/canapando.net\/shop\/wp-content\/uploads\/2021\/01\/logocanapando.png","width":197,"height":110,"caption":"Canapando\u00ae"},"image":{"@id":"https:\/\/canapando.net\/shop\/#\/schema\/logo\/image\/"},"sameAs":["https:\/\/it-it.facebook.com\/canapando.offical\/"]}]}},"_links":{"self":[{"href":"https:\/\/canapando.net\/shop\/wp-json\/wp\/v2\/product\/16903","targetHints":{"allow":["GET"]}}],"collection":[{"href":"https:\/\/canapando.net\/shop\/wp-json\/wp\/v2\/product"}],"about":[{"href":"https:\/\/canapando.net\/shop\/wp-json\/wp\/v2\/types\/product"}],"replies":[{"embeddable":true,"href":"https:\/\/canapando.net\/shop\/wp-json\/wp\/v2\/comments?post=16903"}],"wp:featuredmedia":[{"embeddable":true,"href":"https:\/\/canapando.net\/shop\/wp-json\/wp\/v2\/media\/16904"}],"wp:attachment":[{"href":"https:\/\/canapando.net\/shop\/wp-json\/wp\/v2\/media?parent=16903"}],"wp:term":[{"taxonomy":"product_brand","embeddable":true,"href":"https:\/\/canapando.net\/shop\/wp-json\/wp\/v2\/product_brand?post=16903"},{"taxonomy":"product_cat","embeddable":true,"href":"https:\/\/canapando.net\/shop\/wp-json\/wp\/v2\/product_cat?post=16903"},{"taxonomy":"product_tag","embeddable":true,"href":"https:\/\/canapando.net\/shop\/wp-json\/wp\/v2\/product_tag?post=16903"}],"curies":[{"name":"wp","href":"https:\/\/api.w.org\/{rel}","templated":true}]}}