{"id":4831,"date":"2020-09-01T08:34:24","date_gmt":"2020-09-01T08:34:24","guid":{"rendered":"https:\/\/canapando.net\/shop\/?post_type=product&#038;p=4831"},"modified":"2025-10-13T18:13:29","modified_gmt":"2025-10-13T16:13:29","slug":"volcano-classic","status":"publish","type":"product","link":"https:\/\/canapando.net\/shop\/prodotto\/volcano-classic\/","title":{"rendered":"Volcano Classic"},"content":{"rendered":"","protected":false},"excerpt":{"rendered":"<p>Il Vaporizzatore VOLCANO \u00e8 il sistema pi\u00f9 moderno per diffondere nell&#8217;ambiente aromi e fragranze di erbe, spezie e oli essenziali.E&#8217;<\/p>\n<p>prodotto in Germania con materiali per uso alimentare, dal sapore neutro e resistenti al calore. Costruito per soddisfare le esigenze quotidiane di professionisti e intenditori, grazie a una regolazione precisa del calore. Riscalda gradualmente senza mai bruciare. Tutti i prodotti sono accompagnati dalla garanzia Storz &amp; Bickel di 3 anni. Volcano \u00e8 l&#8217;unico Vaporizzatore certificato dagli standard produttivi di qualit\u00e0 ISO e soddisfa i requisiti NRTL e UL.Il vapore prodotto dal Vaporizzatore Volcano \u00e8 per il 99% libero da sostanze cancerogene e non danneggia gli organi del nostro corpo, \u00e8 possibile utilizzarlo quando si vuole senza rischio di contrarre malattie che potrebbero sorgere con il fumo e grazie a questo strumento si pu\u00f2 ottenere il massimo dell\u2019assimilazione di principi attivi molto utile per chi destina ilVolcano ad un uso medico.<\/p>\n<p>Come si utilizza questo strumento.<\/p>\n<p>Colleghiamo inanzitutto il Volcano alla presa di casa(220V) e clicchiamo il pulsante rosso per accenderlo; se vedete che il pulsante \u00e8 illuminato il volcano \u00e8 acceso.<\/p>\n<p>Posizioniamo la levetta analogica del Volcano Classic a 6,5 questa \u00e8 la migliore temperatura per la prima sessione di vaporizzazione.<\/p>\n<p>Attediamo ora che la luce arancione fra i 2 tasti si spenga, questo ci indicher\u00e0 che il vaporizzatore ha raggiunto la giusta temperatura che abbiamo scelto.<\/p>\n<p>Dopo aver posizionato la valvola sul Volcano(figura 1.1) clicchiamo il tasto verde, qui il volcano inizer\u00e0 a far passare l\u2019aria calda dentro la valvola; dopo 5 secondi di funzionamento interrompiamo subito il flusso d&#8217;aria.<\/p>\n<p>Questo ci serve per riscaldare e preparare la sostanza affinch\u00e8 appena inseriamo il pallone non si gonfi d\u2019aria ma di solo vapore!<\/p>\n<p>Prendiamo ora il nostro pallone senza boccaglio e lo appoggiamo sopra la valvola che abbiamo precedentemente caricato facendo una leggera pressione e sentendo un suono simile a un click.<\/p>\n<p>Ora siamo pronti per testare il nostro nuovo vaporizzatore!<\/p>\n<p>Mettiamo la valvola con il pallone sul volcano e clicchiamo il tasto verde finch\u00e8 non si sar\u00e0 riempito completamente il pallone.<\/p>\n<p>Facendo una leggera pressione sui lati della valvola(come prima per il<\/p>\n<p>boccaglio) togliamo la nostra valvola dal pallone, prendiamo il boccaglio che avevamo tolto prima e facendo un\u2019altra pressione sul pezzettino nero del pallone inseriamo il boccaglio.<\/p>\n<p>Il Sistema di vaporizzazione Volcano, separa aromi e odori dal materiale vegetale attraverso la vaporizzazione tramite aria calda. La preparazione ottimale degli aromi e delle fragranze riduce al minimo lo sviluppo di sostanze nocive e di odori. L&#8217;uso risulta quindi particolarmente piacevole anche per i non fumatori.<\/p>\n<p>Temperatura impostabile tramite manopolina analogica da 130\u00b0 a 230\u00b0 La precisione di temperatura impostata \u00e8 di + &#8211; 5\u00b0C Tre anni di garanzia completa Design Solido e Elettromeccanico<\/p>\n","protected":false},"featured_media":14192,"comment_status":"open","ping_status":"closed","template":"","meta":{"_acf_changed":false,"_joinchat":[]},"product_brand":[],"product_cat":[106,61,26,73],"product_tag":[],"class_list":{"0":"post-4831","1":"product","2":"type-product","3":"status-publish","4":"has-post-thumbnail","6":"product_cat-volcano","7":"product_cat-senza-categoria","8":"product_cat-vaporizzatori-dynavap","9":"product_cat-vaporizzatori-e-accessori","11":"first","12":"instock","13":"taxable","14":"shipping-taxable","15":"purchasable","16":"product-type-variable","17":"has-default-attributes"},"acf":{"tipologia":"","campo_libero":""},"yoast_head":"<!-- This site is optimized with the Yoast SEO plugin v27.4 - https:\/\/yoast.com\/product\/yoast-seo-wordpress\/ -->\n<title>Volcano Classic - Canapando Shop<\/title>\n<meta name=\"robots\" content=\"index, follow, max-snippet:-1, max-image-preview:large, max-video-preview:-1\" \/>\n<link rel=\"canonical\" href=\"https:\/\/canapando.net\/shop\/prodotto\/volcano-classic\/\" \/>\n<script type=\"application\/ld+json\" class=\"yoast-schema-graph\">{\"@context\":\"https:\\\/\\\/schema.org\",\"@graph\":[{\"@type\":\"WebPage\",\"@id\":\"https:\\\/\\\/canapando.net\\\/shop\\\/prodotto\\\/volcano-classic\\\/\",\"url\":\"https:\\\/\\\/canapando.net\\\/shop\\\/prodotto\\\/volcano-classic\\\/\",\"name\":\"Volcano Classic - Canapando Shop\",\"isPartOf\":{\"@id\":\"https:\\\/\\\/canapando.net\\\/shop\\\/#website\"},\"primaryImageOfPage\":{\"@id\":\"https:\\\/\\\/canapando.net\\\/shop\\\/prodotto\\\/volcano-classic\\\/#primaryimage\"},\"image\":{\"@id\":\"https:\\\/\\\/canapando.net\\\/shop\\\/prodotto\\\/volcano-classic\\\/#primaryimage\"},\"thumbnailUrl\":\"https:\\\/\\\/canapando.net\\\/shop\\\/wp-content\\\/uploads\\\/2024\\\/07\\\/11.jpg\",\"datePublished\":\"2020-09-01T08:34:24+00:00\",\"dateModified\":\"2025-10-13T16:13:29+00:00\",\"breadcrumb\":{\"@id\":\"https:\\\/\\\/canapando.net\\\/shop\\\/prodotto\\\/volcano-classic\\\/#breadcrumb\"},\"inLanguage\":\"it-IT\",\"potentialAction\":[{\"@type\":\"ReadAction\",\"target\":[\"https:\\\/\\\/canapando.net\\\/shop\\\/prodotto\\\/volcano-classic\\\/\"]}]},{\"@type\":\"ImageObject\",\"inLanguage\":\"it-IT\",\"@id\":\"https:\\\/\\\/canapando.net\\\/shop\\\/prodotto\\\/volcano-classic\\\/#primaryimage\",\"url\":\"https:\\\/\\\/canapando.net\\\/shop\\\/wp-content\\\/uploads\\\/2024\\\/07\\\/11.jpg\",\"contentUrl\":\"https:\\\/\\\/canapando.net\\\/shop\\\/wp-content\\\/uploads\\\/2024\\\/07\\\/11.jpg\",\"width\":600,\"height\":600},{\"@type\":\"BreadcrumbList\",\"@id\":\"https:\\\/\\\/canapando.net\\\/shop\\\/prodotto\\\/volcano-classic\\\/#breadcrumb\",\"itemListElement\":[{\"@type\":\"ListItem\",\"position\":1,\"name\":\"Home\",\"item\":\"https:\\\/\\\/canapando.net\\\/shop\\\/\"},{\"@type\":\"ListItem\",\"position\":2,\"name\":\"Shop\",\"item\":\"https:\\\/\\\/canapando.net\\\/shop\\\/negozio\\\/\"},{\"@type\":\"ListItem\",\"position\":3,\"name\":\"Volcano Classic\"}]},{\"@type\":\"WebSite\",\"@id\":\"https:\\\/\\\/canapando.net\\\/shop\\\/#website\",\"url\":\"https:\\\/\\\/canapando.net\\\/shop\\\/\",\"name\":\"Canapando Shop\",\"description\":\"Hemp shop Roma\",\"publisher\":{\"@id\":\"https:\\\/\\\/canapando.net\\\/shop\\\/#organization\"},\"potentialAction\":[{\"@type\":\"SearchAction\",\"target\":{\"@type\":\"EntryPoint\",\"urlTemplate\":\"https:\\\/\\\/canapando.net\\\/shop\\\/?s={search_term_string}\"},\"query-input\":{\"@type\":\"PropertyValueSpecification\",\"valueRequired\":true,\"valueName\":\"search_term_string\"}}],\"inLanguage\":\"it-IT\"},{\"@type\":\"Organization\",\"@id\":\"https:\\\/\\\/canapando.net\\\/shop\\\/#organization\",\"name\":\"Canapando\u00ae\",\"url\":\"https:\\\/\\\/canapando.net\\\/shop\\\/\",\"logo\":{\"@type\":\"ImageObject\",\"inLanguage\":\"it-IT\",\"@id\":\"https:\\\/\\\/canapando.net\\\/shop\\\/#\\\/schema\\\/logo\\\/image\\\/\",\"url\":\"https:\\\/\\\/canapando.net\\\/shop\\\/wp-content\\\/uploads\\\/2021\\\/01\\\/logocanapando.png\",\"contentUrl\":\"https:\\\/\\\/canapando.net\\\/shop\\\/wp-content\\\/uploads\\\/2021\\\/01\\\/logocanapando.png\",\"width\":197,\"height\":110,\"caption\":\"Canapando\u00ae\"},\"image\":{\"@id\":\"https:\\\/\\\/canapando.net\\\/shop\\\/#\\\/schema\\\/logo\\\/image\\\/\"},\"sameAs\":[\"https:\\\/\\\/it-it.facebook.com\\\/canapando.offical\\\/\"]}]}<\/script>\n<!-- \/ Yoast SEO plugin. -->","yoast_head_json":{"title":"Volcano Classic - Canapando Shop","robots":{"index":"index","follow":"follow","max-snippet":"max-snippet:-1","max-image-preview":"max-image-preview:large","max-video-preview":"max-video-preview:-1"},"canonical":"https:\/\/canapando.net\/shop\/prodotto\/volcano-classic\/","schema":{"@context":"https:\/\/schema.org","@graph":[{"@type":"WebPage","@id":"https:\/\/canapando.net\/shop\/prodotto\/volcano-classic\/","url":"https:\/\/canapando.net\/shop\/prodotto\/volcano-classic\/","name":"Volcano Classic - Canapando Shop","isPartOf":{"@id":"https:\/\/canapando.net\/shop\/#website"},"primaryImageOfPage":{"@id":"https:\/\/canapando.net\/shop\/prodotto\/volcano-classic\/#primaryimage"},"image":{"@id":"https:\/\/canapando.net\/shop\/prodotto\/volcano-classic\/#primaryimage"},"thumbnailUrl":"https:\/\/canapando.net\/shop\/wp-content\/uploads\/2024\/07\/11.jpg","datePublished":"2020-09-01T08:34:24+00:00","dateModified":"2025-10-13T16:13:29+00:00","breadcrumb":{"@id":"https:\/\/canapando.net\/shop\/prodotto\/volcano-classic\/#breadcrumb"},"inLanguage":"it-IT","potentialAction":[{"@type":"ReadAction","target":["https:\/\/canapando.net\/shop\/prodotto\/volcano-classic\/"]}]},{"@type":"ImageObject","inLanguage":"it-IT","@id":"https:\/\/canapando.net\/shop\/prodotto\/volcano-classic\/#primaryimage","url":"https:\/\/canapando.net\/shop\/wp-content\/uploads\/2024\/07\/11.jpg","contentUrl":"https:\/\/canapando.net\/shop\/wp-content\/uploads\/2024\/07\/11.jpg","width":600,"height":600},{"@type":"BreadcrumbList","@id":"https:\/\/canapando.net\/shop\/prodotto\/volcano-classic\/#breadcrumb","itemListElement":[{"@type":"ListItem","position":1,"name":"Home","item":"https:\/\/canapando.net\/shop\/"},{"@type":"ListItem","position":2,"name":"Shop","item":"https:\/\/canapando.net\/shop\/negozio\/"},{"@type":"ListItem","position":3,"name":"Volcano Classic"}]},{"@type":"WebSite","@id":"https:\/\/canapando.net\/shop\/#website","url":"https:\/\/canapando.net\/shop\/","name":"Canapando Shop","description":"Hemp shop Roma","publisher":{"@id":"https:\/\/canapando.net\/shop\/#organization"},"potentialAction":[{"@type":"SearchAction","target":{"@type":"EntryPoint","urlTemplate":"https:\/\/canapando.net\/shop\/?s={search_term_string}"},"query-input":{"@type":"PropertyValueSpecification","valueRequired":true,"valueName":"search_term_string"}}],"inLanguage":"it-IT"},{"@type":"Organization","@id":"https:\/\/canapando.net\/shop\/#organization","name":"Canapando\u00ae","url":"https:\/\/canapando.net\/shop\/","logo":{"@type":"ImageObject","inLanguage":"it-IT","@id":"https:\/\/canapando.net\/shop\/#\/schema\/logo\/image\/","url":"https:\/\/canapando.net\/shop\/wp-content\/uploads\/2021\/01\/logocanapando.png","contentUrl":"https:\/\/canapando.net\/shop\/wp-content\/uploads\/2021\/01\/logocanapando.png","width":197,"height":110,"caption":"Canapando\u00ae"},"image":{"@id":"https:\/\/canapando.net\/shop\/#\/schema\/logo\/image\/"},"sameAs":["https:\/\/it-it.facebook.com\/canapando.offical\/"]}]}},"_links":{"self":[{"href":"https:\/\/canapando.net\/shop\/wp-json\/wp\/v2\/product\/4831","targetHints":{"allow":["GET"]}}],"collection":[{"href":"https:\/\/canapando.net\/shop\/wp-json\/wp\/v2\/product"}],"about":[{"href":"https:\/\/canapando.net\/shop\/wp-json\/wp\/v2\/types\/product"}],"replies":[{"embeddable":true,"href":"https:\/\/canapando.net\/shop\/wp-json\/wp\/v2\/comments?post=4831"}],"wp:featuredmedia":[{"embeddable":true,"href":"https:\/\/canapando.net\/shop\/wp-json\/wp\/v2\/media\/14192"}],"wp:attachment":[{"href":"https:\/\/canapando.net\/shop\/wp-json\/wp\/v2\/media?parent=4831"}],"wp:term":[{"taxonomy":"product_brand","embeddable":true,"href":"https:\/\/canapando.net\/shop\/wp-json\/wp\/v2\/product_brand?post=4831"},{"taxonomy":"product_cat","embeddable":true,"href":"https:\/\/canapando.net\/shop\/wp-json\/wp\/v2\/product_cat?post=4831"},{"taxonomy":"product_tag","embeddable":true,"href":"https:\/\/canapando.net\/shop\/wp-json\/wp\/v2\/product_tag?post=4831"}],"curies":[{"name":"wp","href":"https:\/\/api.w.org\/{rel}","templated":true}]}}